. Calculate f(-1624).
7
Let h(p) = -31875*p - 2039983. Calculate h(-64).
17
Let j(o) = -5578*o + 50226. Calculate j(9).
24
Let v(q) = 16*q**2 + 805*q + 10120. Determine v(-25).
-5
Let t(m) = 762*m**2 + 10682*m - 31. What is t(-14)?
-227
Let r(j) = 783*j + 16713. Give r(-24).
-2079
Let r(q) = 3536*q + 119560. Determine r(-34).
-664
Let j(q) = -11*q**2 - 10992*q + 224241. Give j(20).
1
Let u(k) = -k**3 - 289*k**2 - 4470*k + 2619. Give u(-17).
1
Let n(g) = -41*g**2 - 1112*g + 90. Calculate n(-29).
-2143
Let d(w) = w**3 - 2*w**2 - 12*w + 85. Determine d(11).
1042
Let b(h) = -1862*h - 4244. Calculate b(-2).
-520
Let w(y) = -4950*y + 59439. What is w(12)?
39
Let i(x) = -14543*x - 25930169. What is i(-1783)?
0
Let c(u) = 4*u**2 - 7182*u + 835249. What is c(125)?
-1
Let j(a) = a**3 + 32*a**2 - 469*a + 185. Give j(-43).
13
Let x(c) = 4*c**3 - 801*c**2 - 742*c + 59. Give x(-1).
-4
Let r(g) = 30554*g - 2016575. Calculate r(66).
-11
Let q(z) = -2*z**3 + 215*z**2 - 488*z - 4010. Give q(105).
-125
Let m(x) = -2*x**3 + 9*x**2 + 11791*x - 58915. Give m(5).
15
Let t(u) = -u**2 - 20088*u - 561685. Determine t(-28).
-5
Let j(f) = -100407*f + 2309356. Calculate j(23).
-5
Let a(u) = u**3 - 325*u**2 - 666*u + 3918. Calculate a(327).
-6
Let d(g) = 6495*g + 240077. What is d(-37)?
-238
Let j(g) = 937*g - 18478. Determine j(20).
262
Let b(y) = -67*y**3 + 15*y**2 + 66*y + 146. Determine b(-5).
8566
Let i(y) = 1278*y**2 + 15366*y + 356. Give i(-12).
-4
Let g(k) = 2495*k + 47421. Give g(-19).
16
Let r(l) = l**2 + 499*l + 47042. What is r(-368)?
-1166
Let c(q) = -3*q**3 - 757*q**2 - 251*q - 344. Determine c(-252).
-596
Let s(n) = 28896*n - 259985. Calculate s(9).
79
Let k(i) = -72*i**3 + 44*i**2 - 2*i - 29. Give k(-2).
727
Let x(a) = a**2 - 109*a + 2160. Determine x(82).
-54
Let t(j) = -103*j**2 + 431*j + 3109. What is t(-7)?
-4955
Let n(p) = -9*p**2 - 80*p - 680. Calculate n(0).
-680
Let q(y) = 2*y**3 - 86*y**2 + 2560*y - 12717. Give q(6).
-21
Let i(w) = -3*w**3 - 403*w**2 + 1948*w - 224. Calculate i(-139).
-502
Let k(t) = 3037*t + 1299783. Calculate k(-428).
-53
Let y(o) = 28*o**2 + 35872*o + 35871. What is y(-1)?
27
Let g(p) = -947*p + 18799. Give g(20).
-141
Let n(y) = 6*y**2 + 1479*y - 5659. Calculate n(-251).
1118
Let s(z) = -2*z**3 - 211*z**2 + 12827*z - 2399. Calculate s(43).
9
Let f(g) = -8808*g - 8812. Determine f(-1).
-4
Let n(b) = -12*b**3 - 98*b**2 - 12*b + 24. What is n(-8)?
-8
Let y(r) = -r**3 - 92*r**2 - 216*r - 1336. What is y(-90)?
1904
Let a(u) = -2*u**2 + 672*u + 18691. Calculate a(362).
-133
Let x(u) = 491*u + 18677. Give x(-38).
19
Let f(l) = l**3 - 79*l**2 + 571*l - 61. What is f(8)?
-37
Let p(z) = -38*z**2 + 14*z + 61. Determine p(-5).
-959
Let b(d) = 5*d**2 + 42753*d - 256585. What is b(6)?
113
Let g(u) = -u**3 - 24*u**2 - 4*u - 49. What is g(-20)?
-1569
Let w(o) = 283*o**2 + 5940*o - 37. What is w(-21)?
26
Let b(c) = -c**2 - 7587*c - 3746702. What is b(-531)?
34
Let d(r) = r**3 + 991*r**2 - 3985*r - 4975. What is d(-995)?
0
Let c(r) = -336*r - 14802. Calculate c(-46).
654
Let w(q) = -146144*q - 292285. What is w(-2)?
3
Let q(g) = -476*g - 13249. What is q(-28)?
79
Let j(b) = 18964*b - 95090. Calculate j(5).
-270
Let y(n) = -1830*n + 100549. Determine y(55).
-101
Let w(t) = 322395*t + 3546339. Determine w(-11).
-6
Let t(q) = -2325*q + 37431. Calculate t(16).
231
Let w(p) = -p**2 - 505*p - 17313. Determine w(-38).
433
Let y(h) = 4*h**2 + 1850*h - 7484. What is y(4)?
-20
Let f(w) = 6*w**3 + 331*w**2 - 322*w + 12. Calculate f(-56).
2364
Let j(h) = -3*h**3 - 303*h**2 + 307*h - 197. What is j(-102)?
-299
Let w(m) = -m**3 + 446*m**2 - 2651*m + 2002928. Calculate w(450).
-22
Let u(a) = 2*a**2 + 100*a + 775. Give u(-43).
173
Let r(y) = -2*y**2 + 2158*y - 546495. Calculate r(673).
-19
Let w(v) = -5*v**2 - 38093*v - 15. Determine w(0).
-15
Let j(i) = -9990*i**2 + 639359*i + 78. Determine j(64).
14
Let l(t) = 24*t**2 - 557*t - 405. What is l(24)?
51
Let l(k) = 151*k - 1214. Calculate l(33).
3769
Let n(q) = -17*q**3 - 15*q**2 - 34*q - 53. Give n(-4).
931
Let s(h) = 2783*h + 14007. Determine s(-5).
92
Let k(t) = 5*t**3 - 4*t**2 + 52*t - 227. Calculate k(4).
237
Let b(p) = p**3 - 233*p**2 + 665*p + 58. What is b(3)?
-17
Let g(r) = -r**3 - 152*r**2 - 321*r - 218. Determine g(-150).
2932
Let l(r) = 15586*r + 46965. Give l(-3).
207
Let n(m) = -34130*m - 170605. What is n(-5)?
45
Let p(a) = a**3 + 37*a**2 + 37*a + 87. Give p(-36).
51
Let c(b) = -72*b**2 + 483*b - 316. Calculate c(10).
-2686
Let j(u) = -55*u + 442. Determine j(5).
167
Let p(h) = -2*h**3 + 5*h**2 - 92*h + 674. Give p(7).
-411
Let v(o) = 2339490*o - 2339481. Determine v(1).
9
Let b(a) = -14*a**3 + 258*a**2 - 138*a - 34. Calculate b(18).
-574
Let t(c) = c**3 - 128*c**2 - 320*c + 128350. Calculate t(122).
6
Let o(y) = -320615*y - 1282416. What is o(-4)?
44
Let b(w) = -w**2 + 341*w - 20203. Give b(265).
-63
Let y(v) = 12796*v - 166335. Calculate y(13).
13
Let k(v) = 3*v**3 - 256*v**2 - 940*v + 66058. Calculate k(86).
10
Let i(p) = -3*p**3 + 196*p**2 + 143*p - 629. Determine i(66).
97
Let d(a) = -2*a**3 + 33*a**2 - 109*a + 2168. Calculate d(17).
26
Let i(n) = -2*n**2 + 198*n - 2361. Calculate i(13).
-125
Let t(v) = -v**2 + 100*v - 1286. What is t(23)?
485
Let s(u) = u**3 - 115*u**2 - 751*u + 73500. Give s(116).
-160
Let o(f) = -500*f**2 + 640*f + 1282. What is o(-2)?
-1998
Let r(h) = -h**3 + 249*h**2 + 504*h + 646. Calculate r(251).
1148
Let q(r) = 553*r**2 - 27095*r - 22. What is q(49)?
76
Let c(l) = 6781*l - 19774. What is c(3)?
569
Let d(c) = 3450*c + 151776. What is d(-44)?
-24
Let b(t) = -t**2 - 210784*t + 1053938. Determine b(5).
-7
Let d(c) = 27636*c - 165716. What is d(6)?
100
Let q(t) = -40*t - 939. Calculate q(-28).
181
Let l(f) = -f**3 + 5*f**2 - 69*f - 289. Calculate l(-3).
-10
Let i(y) = y**2 - 2373*y + 265. Calculate i(0).
265
Let r(u) = 13*u**3 - 1056*u**2 - 4176*u + 940. Calculate r(85).
5
Let k(v) = v**2 + 152*v + 3550. Calculate k(-112).
-930
Let m(i) = 162*i**2 - 5971*i + 43. Determine m(37).
894
Let m(j) = j**2 + 91*j + 1548. Determine m(-23).
-16
Let t(g) = -24*g**2 - 497*g - 1276. Calculate t(-3).
-1
Let c(f) = -11673*f + 256814. Determine c(22).
8
Let m(o) = 4*o**3 + 20*o**2 + 352*o - 1080. Determine m(3).
264
Let g(b) = 89*b - 1135. Calculate g(12).
-67
Let y(r) = -r**2 + 217*r - 3013. Calculate y(15).
17
Let h(n) = -2*n**3 - 340*n**2 - 2895*n + 464. What is h(-161)?
-19
Let o(t) = t**2 - 639*t - 65199. Calculate o(-91).
1231
Let l(j) = -j**3 - 53*j**2 + 102*j + 37. What is l(-55)?
477
Let f(d) = -4852*d**2 - 941285*d + 581. Calculate f(-194).
-1
Let r(w) = -w**3 + 194*w**2 + 4050*w + 38. Calculate r(-19).
-19
Let r(c) = 3*c**2 + 15*c + 43. Give r(5).
193
Let c(v) = 22*v**2 + 254*v - 72. Calculate c(-4).
-736
Let f(o) = 6*o**2 + 131*o - 162. Calculate f(-23).
-1
Let r(g) = -g**2 + 195*g - 7085. Determine r(147).
-29
Let j(y) = 7*y**2 - 151*y + 2388. What is j(28)?
3648
Let k(s) = -43*s**3 - 59*s**2 + 45*s - 24. Calculate k(-2).
-6
Let n(k) = 7*k**2 - 569*k + 6182. Calculate n(13).
-32
Let u(y) = y**3 - 171*y**2 - 289*y - 9872. What is u(173)?
-11
Let y(m) = 3*m**3 + 43*m**2 - 1020*m + 30. Calculate y(-27).
-132
Let m(c) = 38*c**3 + 77*c**2 - 19*c - 67. Determine m(-4).
-1191
Let h(s) = -s**2 - 3698*s + 229342. What is h(61)?
43
Let s(y) = -4*y**3 - 1259*y**2 + 1567*y - 3892. Determine s(-316).
216
Let q(p) = 8*p**2 + 860*p - 28405. Determine q(-134).
3
Let q(x) = 36*x**2 - 59*x - 9. Determine q(-4).
803
Let g(t) = -t**3 + 16*t**2 + 82*t + 23. Calculate g(19).
498
Let w(o) = -88*o - 2431. Determine w(-29).
121
Let n(w) = -31969*w - 95676. What is n(-3)?
231
Let n(k) = k**3 - 173*k**2 + 1058*k - 64534. What is n(169)?
24
Let a(d) = -708*d - 509049. Calculate a(-719).
3
Let u(f) = 50*f**2 - 6722*f - 3796. Determine u(135).
-16
Let f(x) = -15888*x - 953268. Give f(-60).
12
Let t(x) = x**3 - 10*x**2 - 1400*x + 625. Calculate t(-33).
-2
Let o(v) = -6*v**3 - 395*v**2 - 45*v - 7334. Give o(-66).
-8
Let i(a) = -a**3 - 118*a**2 + 7007*a - 12054. Give i(42).
0
Let b(f) = -8802*f + 70405. Determine b(8).
-11
Let f(y) = y**2 + 362*y + 6673. What is f(-18)?
481
Let c(z) = 15814*z - 363725. Give c(23).
-3
Let x(k) = -13*k**2 - 1539*k + 4214. Calculate x(-121).
100
Let m(n) = -4081*n - 46701.